{"id":3306,"date":"2024-10-30T11:32:04","date_gmt":"2024-10-30T10:32:04","guid":{"rendered":"https:\/\/og-telecom.net\/?page_id=3306"},"modified":"2025-06-18T13:55:21","modified_gmt":"2025-06-18T11:55:21","slug":"academie-og-telecom","status":"publish","type":"page","link":"https:\/\/og-telecom.net\/index.php\/academie-og-telecom\/","title":{"rendered":"Acad\u00e9mie OG TELECOM"},"content":{"rendered":"<div class=\"wpb-content-wrapper\"><p>[vc_row][vc_column][vc_row_inner][vc_column_inner][vc_single_image image=&#8221;3315&#8243; img_size=&#8221;full&#8221; alignment=&#8221;center&#8221; css=&#8221;&#8221;][vc_empty_space][vc_column_text css=&#8221;&#8221;]<\/p>\n<div>\n<p style=\"text-align: center;\"><span style=\"color: #000000;\"><strong>\u00c0 travers son acad\u00e9mie,<\/strong><br \/>\n<strong>OG TELECOM offre aux jeunes de 25 \u00e0 35 ans une opportunit\u00e9 unique<\/strong> : une formation sp\u00e9cialis\u00e9e en t\u00e9l\u00e9communications,<br \/>\nsuivie d\u2019un emploi au sein de l\u2019entreprise. L\u2019acad\u00e9mie OG TELECOM est bien plus qu\u2019un programme d\u2019apprentissage,<br \/>\nc\u2019est un tremplin vers <strong>une carri\u00e8re prometteuse dans un secteur en constante \u00e9volution.<\/strong><br \/>\nEn rejoignant <strong>OG TELECOM<\/strong>, les jeunes professionnels acqui\u00e8rent des comp\u00e9tences techniques<br \/>\nde pointe et int\u00e8grent une \u00e9quipe dynamique, pr\u00eate \u00e0 fa\u00e7onner l\u2019avenir de la connectivit\u00e9.<\/span><\/p>\n<\/div>\n<div><\/div>\n<p>[\/vc_column_text][vc_empty_space][vc_single_image image=&#8221;3355&#8243; img_size=&#8221;large&#8221; alignment=&#8221;center&#8221; css=&#8221;&#8221;][vc_empty_space][vc_single_image image=&#8221;3356&#8243; img_size=&#8221;large&#8221; alignment=&#8221;center&#8221; css=&#8221;&#8221;][vc_empty_space][\/vc_column_inner][\/vc_row_inner][\/vc_column][\/vc_row]<\/p>\n<\/div>","protected":false},"excerpt":{"rendered":"<p>[vc_row][vc_column][vc_row_inner][vc_column_inner][vc_single_image image=&#8221;3315&#8243; img_size=&#8221;full&#8221; alignment=&#8221;center&#8221; css=&#8221;&#8221;][vc_empty_space][vc_column_text css=&#8221;&#8221;] \u00c0 travers son acad\u00e9mie, OG TELECOM offre aux jeunes de 25 \u00e0 35 ans une opportunit\u00e9 unique : une formation sp\u00e9cialis\u00e9e en t\u00e9l\u00e9communications, suivie&hellip;<\/p>\n","protected":false},"author":1,"featured_media":0,"parent":0,"menu_order":0,"comment_status":"closed","ping_status":"closed","template":"template-fullwidth.php","meta":{"footnotes":""},"class_list":["post-3306","page","type-page","status-publish","hentry","no-thumb"],"_links":{"self":[{"href":"https:\/\/og-telecom.net\/index.php\/wp-json\/wp\/v2\/pages\/3306","targetHints":{"allow":["GET"]}}],"collection":[{"href":"https:\/\/og-telecom.net\/index.php\/wp-json\/wp\/v2\/pages"}],"about":[{"href":"https:\/\/og-telecom.net\/index.php\/wp-json\/wp\/v2\/types\/page"}],"author":[{"embeddable":true,"href":"https:\/\/og-telecom.net\/index.php\/wp-json\/wp\/v2\/users\/1"}],"replies":[{"embeddable":true,"href":"https:\/\/og-telecom.net\/index.php\/wp-json\/wp\/v2\/comments?post=3306"}],"version-history":[{"count":13,"href":"https:\/\/og-telecom.net\/index.php\/wp-json\/wp\/v2\/pages\/3306\/revisions"}],"predecessor-version":[{"id":3357,"href":"https:\/\/og-telecom.net\/index.php\/wp-json\/wp\/v2\/pages\/3306\/revisions\/3357"}],"wp:attachment":[{"href":"https:\/\/og-telecom.net\/index.php\/wp-json\/wp\/v2\/media?parent=3306"}],"curies":[{"name":"wp","href":"https:\/\/api.w.org\/{rel}","templated":true}]}}