{"id":2525,"date":"2017-07-12T02:13:10","date_gmt":"2017-07-12T02:13:10","guid":{"rendered":"http:\/\/demo2.steelthemes.com\/factoryplus\/?page_id=2525"},"modified":"2024-06-23T19:15:53","modified_gmt":"2024-06-23T17:15:53","slug":"copieurmultifonctions","status":"publish","type":"page","link":"https:\/\/og-telecom.net\/index.php\/copieurmultifonctions\/","title":{"rendered":"Copieur multifonctions &#8211; C\u00e2blage r\u00e9seaux"},"content":{"rendered":"<div class=\"wpb-content-wrapper\"><p>[vc_row][vc_column][vc_row_inner][vc_column_inner width=&#8221;2\/3&#8243;][vc_single_image image=&#8221;3269&#8243; img_size=&#8221;full&#8221; alignment=&#8221;center&#8221; css=&#8221;&#8221;][vc_empty_space][vc_column_text css=&#8221;&#8221;]<\/p>\n<p style=\"text-align: center;\"><span style=\"color: #000000;\">Chez OG TELECOM, nous comprenons l&#8217;importance d&#8217;une gestion documentaire efficace<br \/>\net sans faille pour les entreprises.<\/span><br \/>\n<span style=\"color: #000000;\">C&#8217;est pourquoi nous avons d\u00e9velopp\u00e9 une offre compl\u00e8te de fourniture et de location de copieurs multifonctions,<\/span><br \/>\n<span style=\"color: #000000;\">parfaitement adapt\u00e9e \u00e0 vos besoins professionnels.<\/span><\/p>\n<p style=\"text-align: center;\"><span style=\"color: #000000;\"><strong>B\u00e9n\u00e9fices et Avantages de notre Solution :<\/strong><\/span><br \/>\n<span style=\"color: #000000;\"><strong>Flexibilit\u00e9 et Adaptabilit\u00e9<\/strong><\/span><br \/>\n<span style=\"color: #000000;\"><strong>R\u00e9duction des Co\u00fbts<\/strong><\/span><br \/>\n<span style=\"color: #000000;\"><strong>Maintenance et Support Technique<\/strong><\/span><br \/>\n<span style=\"color: #000000;\"><strong>\u00c9cologie et Durabilit\u00e9<\/strong><\/span><br \/>\n<span style=\"color: #000000;\"><strong>Am\u00e9lioration de la Productivit\u00e9<\/strong><\/span><\/p>\n<p style=\"text-align: center;\"><span style=\"color: #000000;\">Choisir OG TELECOM pour la fourniture et la location de copieurs multifonctions, c&#8217;est opter pour une solution compl\u00e8te, flexible et \u00e9conomique,<\/span><br \/>\n<span style=\"color: #000000;\">qui am\u00e9liore significativement votre productivit\u00e9 tout en respectant l&#8217;environnement.<\/span><\/p>\n<p style=\"text-align: center;\"><span style=\"color: #000000;\"><strong>C\u00e2blage r\u00e9seaux :<\/strong><\/span><br \/>\n<span style=\"color: #000000;\">Nos solutions de c\u00e2blage r\u00e9seau garantissent une connexion stable et fiable, essentielle pour le bon fonctionnement de votre entreprise.<\/span><br \/>\n<span style=\"color: #000000;\">Un c\u00e2blage de qualit\u00e9 assure des vitesses de transmission \u00e9lev\u00e9es et une performance r\u00e9seau optimale.<\/span><br \/>\n<span style=\"color: #000000;\">Nos syst\u00e8mes de c\u00e2blage sont con\u00e7us pour s&#8217;adapter facilement \u00e0 l&#8217;\u00e9volution de vos besoins technologiques,<\/span><br \/>\n<span style=\"color: #000000;\">Votre s\u00e9curit\u00e9 renforc\u00e9e car une infrastructure bien install\u00e9e r\u00e9duit les risques de pannes et de failles de s\u00e9curit\u00e9, prot\u00e9geant ainsi vos donn\u00e9es sensibles.<\/span><br \/>\n<span style=\"color: #000000;\">Nos c\u00e2blages bien planifi\u00e9s et ex\u00e9cut\u00e9s minimisent les co\u00fbts de maintenance et d&#8217;interventions futures.<\/span><\/p>\n<p>[\/vc_column_text][vc_empty_space][vc_single_image image=&#8221;3162&#8243; img_size=&#8221;full&#8221; alignment=&#8221;center&#8221; onclick=&#8221;custom_link&#8221; css_animation=&#8221;fadeInLeft&#8221; css=&#8221;&#8221; link=&#8221;https:\/\/og-telecom.net\/index.php\/contact\/&#8221;][\/vc_column_inner][vc_column_inner width=&#8221;1\/3&#8243;][vc_single_image image=&#8221;3034&#8243; img_size=&#8221;full&#8221; alignment=&#8221;center&#8221; css=&#8221;&#8221;][\/vc_column_inner][\/vc_row_inner][\/vc_column][\/vc_row]<\/p>\n<\/div>","protected":false},"excerpt":{"rendered":"<p>[vc_row][vc_column][vc_row_inner][vc_column_inner width=&#8221;2\/3&#8243;][vc_single_image image=&#8221;3269&#8243; img_size=&#8221;full&#8221; alignment=&#8221;center&#8221; css=&#8221;&#8221;][vc_empty_space][vc_column_text css=&#8221;&#8221;] Chez OG TELECOM, nous comprenons l&#8217;importance d&#8217;une gestion documentaire efficace et sans faille pour les entreprises. C&#8217;est pourquoi nous avons d\u00e9velopp\u00e9 une offre&hellip;<\/p>\n","protected":false},"author":1,"featured_media":0,"parent":0,"menu_order":0,"comment_status":"closed","ping_status":"closed","template":"template-fullwidth.php","meta":{"footnotes":""},"class_list":["post-2525","page","type-page","status-publish","hentry","no-thumb"],"_links":{"self":[{"href":"https:\/\/og-telecom.net\/index.php\/wp-json\/wp\/v2\/pages\/2525","targetHints":{"allow":["GET"]}}],"collection":[{"href":"https:\/\/og-telecom.net\/index.php\/wp-json\/wp\/v2\/pages"}],"about":[{"href":"https:\/\/og-telecom.net\/index.php\/wp-json\/wp\/v2\/types\/page"}],"author":[{"embeddable":true,"href":"https:\/\/og-telecom.net\/index.php\/wp-json\/wp\/v2\/users\/1"}],"replies":[{"embeddable":true,"href":"https:\/\/og-telecom.net\/index.php\/wp-json\/wp\/v2\/comments?post=2525"}],"version-history":[{"count":18,"href":"https:\/\/og-telecom.net\/index.php\/wp-json\/wp\/v2\/pages\/2525\/revisions"}],"predecessor-version":[{"id":3273,"href":"https:\/\/og-telecom.net\/index.php\/wp-json\/wp\/v2\/pages\/2525\/revisions\/3273"}],"wp:attachment":[{"href":"https:\/\/og-telecom.net\/index.php\/wp-json\/wp\/v2\/media?parent=2525"}],"curies":[{"name":"wp","href":"https:\/\/api.w.org\/{rel}","templated":true}]}}