{"id":2217,"date":"2016-12-06T04:02:43","date_gmt":"2016-12-06T04:02:43","guid":{"rendered":"http:\/\/demo2.steelthemes.com\/factoryplus\/?page_id=2217"},"modified":"2024-06-17T11:39:37","modified_gmt":"2024-06-17T09:39:37","slug":"alarmeantiintursion","status":"publish","type":"page","link":"https:\/\/og-telecom.net\/index.php\/alarmeantiintursion\/","title":{"rendered":"Vid\u00e9o surveillance &#8211; Alarme anti-intrusion"},"content":{"rendered":"<div class=\"wpb-content-wrapper\"><p>[vc_row][vc_column][vc_row_inner][vc_column_inner width=&#8221;2\/3&#8243;][vc_single_image image=&#8221;3243&#8243; img_size=&#8221;full&#8221; alignment=&#8221;center&#8221; css_animation=&#8221;fadeIn&#8221; css=&#8221;&#8221;][vc_empty_space][vc_column_text css=&#8221;&#8221;]<\/p>\n<p style=\"text-align: center;\"><span style=\"color: #000000;\"><strong>OG TELECOM<\/strong> vous accompagne pour trouver la solution id\u00e9ale, afin de r\u00e9aliser des installations anti intrusion professionnel, flexible, performante et adapt\u00e9 \u00e0 toutes les exigences.<\/span><\/p>\n<p style=\"text-align: center;\"><span style=\"color: #000000;\">Notre but est d\u2019installer des solutions p\u00e9renne et \u00e9volutive pour vous apporter le confort et la s\u00e9curit\u00e9 dont vous avez besoin.<\/span><\/p>\n<p style=\"text-align: center;\"><span style=\"color: #000000;\"><strong>Bureau, magasin, garage, grande distribution entrep\u00f4t de stockage. <\/strong>Nous avons la solution \u00e0 votre besoin gr\u00e2ce \u00e0 des outils de qualit\u00e9 et contr\u00f4lable depuis votre smartphone tablette ou PC.<\/span><\/p>\n<p>[\/vc_column_text][vc_empty_space][vc_single_image image=&#8221;3162&#8243; img_size=&#8221;full&#8221; alignment=&#8221;center&#8221; onclick=&#8221;custom_link&#8221; css_animation=&#8221;fadeIn&#8221; css=&#8221;&#8221; link=&#8221;https:\/\/og-telecom.net\/index.php\/contact\/&#8221;][\/vc_column_inner][vc_column_inner width=&#8221;1\/3&#8243;][vc_single_image image=&#8221;3198&#8243; img_size=&#8221;full&#8221; alignment=&#8221;center&#8221; css=&#8221;&#8221;][\/vc_column_inner][\/vc_row_inner][\/vc_column][\/vc_row]<\/p>\n<\/div>","protected":false},"excerpt":{"rendered":"<p>[vc_row][vc_column][vc_row_inner][vc_column_inner width=&#8221;2\/3&#8243;][vc_single_image image=&#8221;3243&#8243; img_size=&#8221;full&#8221; alignment=&#8221;center&#8221; css_animation=&#8221;fadeIn&#8221; css=&#8221;&#8221;][vc_empty_space][vc_column_text css=&#8221;&#8221;] OG TELECOM vous accompagne pour trouver la solution id\u00e9ale, afin de r\u00e9aliser des installations anti intrusion professionnel, flexible, performante et adapt\u00e9 \u00e0&hellip;<\/p>\n","protected":false},"author":1,"featured_media":0,"parent":0,"menu_order":0,"comment_status":"closed","ping_status":"closed","template":"template-fullwidth.php","meta":{"footnotes":""},"class_list":["post-2217","page","type-page","status-publish","hentry","no-thumb"],"_links":{"self":[{"href":"https:\/\/og-telecom.net\/index.php\/wp-json\/wp\/v2\/pages\/2217","targetHints":{"allow":["GET"]}}],"collection":[{"href":"https:\/\/og-telecom.net\/index.php\/wp-json\/wp\/v2\/pages"}],"about":[{"href":"https:\/\/og-telecom.net\/index.php\/wp-json\/wp\/v2\/types\/page"}],"author":[{"embeddable":true,"href":"https:\/\/og-telecom.net\/index.php\/wp-json\/wp\/v2\/users\/1"}],"replies":[{"embeddable":true,"href":"https:\/\/og-telecom.net\/index.php\/wp-json\/wp\/v2\/comments?post=2217"}],"version-history":[{"count":12,"href":"https:\/\/og-telecom.net\/index.php\/wp-json\/wp\/v2\/pages\/2217\/revisions"}],"predecessor-version":[{"id":3244,"href":"https:\/\/og-telecom.net\/index.php\/wp-json\/wp\/v2\/pages\/2217\/revisions\/3244"}],"wp:attachment":[{"href":"https:\/\/og-telecom.net\/index.php\/wp-json\/wp\/v2\/media?parent=2217"}],"curies":[{"name":"wp","href":"https:\/\/api.w.org\/{rel}","templated":true}]}}