{"id":1086,"date":"2013-03-15T18:21:12","date_gmt":"2013-03-15T23:21:12","guid":{"rendered":"http:\/\/wptest.io\/demo\/?page_id=1086"},"modified":"2025-06-18T14:01:55","modified_gmt":"2025-06-18T12:01:55","slug":"societe","status":"publish","type":"page","link":"https:\/\/og-telecom.net\/index.php\/societe\/","title":{"rendered":"soci\u00e9t\u00e9"},"content":{"rendered":"<div class=\"wpb-content-wrapper\"><p>[vc_row css=&#8221;.vc_custom_1486635938421{padding-top: 80px !important;padding-bottom: 80px !important;}&#8221;][vc_column el_class=&#8221;fp-about-desc&#8221; css=&#8221;.vc_custom_1479962247750{padding-left: 45px !important;}&#8221;][vc_single_image image=&#8221;3067&#8243; img_size=&#8221;full&#8221; alignment=&#8221;center&#8221; css=&#8221;&#8221;][vc_empty_space][vc_column_text css=&#8221;.vc_custom_1741519539083{margin-bottom: 20px !important;}&#8221;]<\/p>\n<p style=\"text-align: center;\"><span style=\"color: #000000;\">Implant\u00e9e en Indre-et-Loire depuis plus de 12 ans, <strong>OG TELECOM est votre partenaire de confiance pour toutes vos solutions de communication et de s\u00e9curit\u00e9<\/strong>. Nous accompagnons tout type d&#8217;entreprise, des <strong>TPE et PME aux grandes entreprises<\/strong>, avec des services adapt\u00e9s \u00e0 vos besoins.<\/span><\/p>\n<p style=\"text-align: center;\"><strong><span style=\"color: #000000;\">Nos prestations incluent :<\/span><\/strong><\/p>\n<p style=\"font-weight: 400; text-align: center;\"><span style=\"color: #000000;\"><strong>Abonnements Fixe\/Internet Haut d\u00e9bit, Fibre, Wifi :<\/strong>\u00a0une connectivit\u00e9 rapide et stable pour garantir la performance de votre entreprise.<\/span><\/p>\n<p style=\"font-weight: 400; text-align: center;\"><span style=\"color: #000000;\"><strong>Abonnements mobiles<\/strong>\u00a0: des forfaits mobiles adapt\u00e9s \u00e0 votre usage professionnel.<\/span><\/p>\n<p style=\"font-weight: 400; text-align: center;\"><span style=\"color: #000000;\"><strong>Standards t\u00e9l\u00e9phoniques<\/strong>\u00a0: des solutions performantes pour optimiser vos communications.<\/span><\/p>\n<p style=\"font-weight: 400; text-align: center;\"><span style=\"color: #000000;\"><strong>Vid\u00e9o-Surveillance \/ Alarmes anti-intrusion<\/strong>\u00a0: des syst\u00e8mes de s\u00e9curit\u00e9 fiables pour prot\u00e9ger vos locaux.<\/span><\/p>\n<p style=\"font-weight: 400; text-align: center;\"><span style=\"color: #000000;\"><strong>Copieurs multifonctions \/ C\u00e2blage r\u00e9seau :<\/strong> des \u00e9quipements modernes pour am\u00e9liorer votre productivit\u00e9.<\/span><\/p>\n<p style=\"font-weight: 400; text-align: center;\"><span style=\"color: #000000;\"><strong>Informatique \/ Cybers\u00e9curit\u00e9 :<\/strong> Avec notre solution, b\u00e9n\u00e9ficiez d\u2019une s\u00e9curit\u00e9 optimale, d\u2019une fiabilit\u00e9 sans faille<\/span><\/p>\n<p style=\"text-align: center;\"><span style=\"color: #000000;\">Chez <strong>OG TELECOM<\/strong>, nous nous engageons \u00e0 offrir des solutions innovantes et sur mesure pour r\u00e9pondre aux exigences sp\u00e9cifiques de chaque entreprise.<\/span><\/p>\n<p>[\/vc_column_text][vc_empty_space][vc_row_inner][vc_column_inner][vc_single_image image=&#8221;3328&#8243; img_size=&#8221;full&#8221; alignment=&#8221;center&#8221; css_animation=&#8221;fadeIn&#8221; css=&#8221;&#8221;][\/vc_column_inner][\/vc_row_inner][vc_row_inner][vc_column_inner][vc_single_image image=&#8221;3161&#8243; img_size=&#8221;full&#8221; alignment=&#8221;center&#8221; css_animation=&#8221;fadeIn&#8221; css=&#8221;&#8221;][\/vc_column_inner][\/vc_row_inner][\/vc_column][\/vc_row]<\/p>\n<\/div>","protected":false},"excerpt":{"rendered":"<p>[vc_row css=&#8221;.vc_custom_1486635938421{padding-top: 80px !important;padding-bottom: 80px !important;}&#8221;][vc_column el_class=&#8221;fp-about-desc&#8221; css=&#8221;.vc_custom_1479962247750{padding-left: 45px !important;}&#8221;][vc_single_image image=&#8221;3067&#8243; img_size=&#8221;full&#8221; alignment=&#8221;center&#8221; css=&#8221;&#8221;][vc_empty_space][vc_column_text css=&#8221;.vc_custom_1741519539083{margin-bottom: 20px !important;}&#8221;] Implant\u00e9e en Indre-et-Loire depuis plus de 12 ans, OG TELECOM est votre partenaire&hellip;<\/p>\n","protected":false},"author":1,"featured_media":0,"parent":0,"menu_order":0,"comment_status":"open","ping_status":"open","template":"template-fullwidth.php","meta":{"footnotes":""},"class_list":["post-1086","page","type-page","status-publish","hentry","no-thumb"],"_links":{"self":[{"href":"https:\/\/og-telecom.net\/index.php\/wp-json\/wp\/v2\/pages\/1086","targetHints":{"allow":["GET"]}}],"collection":[{"href":"https:\/\/og-telecom.net\/index.php\/wp-json\/wp\/v2\/pages"}],"about":[{"href":"https:\/\/og-telecom.net\/index.php\/wp-json\/wp\/v2\/types\/page"}],"author":[{"embeddable":true,"href":"https:\/\/og-telecom.net\/index.php\/wp-json\/wp\/v2\/users\/1"}],"replies":[{"embeddable":true,"href":"https:\/\/og-telecom.net\/index.php\/wp-json\/wp\/v2\/comments?post=1086"}],"version-history":[{"count":11,"href":"https:\/\/og-telecom.net\/index.php\/wp-json\/wp\/v2\/pages\/1086\/revisions"}],"predecessor-version":[{"id":3360,"href":"https:\/\/og-telecom.net\/index.php\/wp-json\/wp\/v2\/pages\/1086\/revisions\/3360"}],"wp:attachment":[{"href":"https:\/\/og-telecom.net\/index.php\/wp-json\/wp\/v2\/media?parent=1086"}],"curies":[{"name":"wp","href":"https:\/\/api.w.org\/{rel}","templated":true}]}}